e 10 + o = 3*p. Let m(w) = -w**3 + 3*w**2 + 2*w + 1. What is m(p)?
-7
Let n(w) = 7*w**3 + 3*w**2 + w - 2. Let d be n(1). Suppose -10 = d*c - 19*c. Let m(z) = 6*z - 1. What is m(c)?
5
Let z(l) = -l**2 + 7*l - 10. Let q be z(6). Let p(c) = -c**3 - 5*c**2 - 6*c - 6. Let u be p(q). Let h(d) = 2*d**3 - 4*d**2 + 3*d. What is h(u)?
6
Let i = 4 - 7. Let b be (0 - i)*(1 + 0). Let o(l) = -6 - 76819*l + 153629*l - 76809*l. Calculate o(b).
-3
Let b be (9 - 1)*(-1)/((-2)/1). Suppose b*h = 5*q - 3*q - 18, -36 = 3*h + 3*q. Let s(z) = -z**3 - 8*z**2 - 6*z + 2. Give s(h).
-5
Let x(b) = b**3 + b**2 - b + 5. Suppose 1 = -4*j + 5, -j - 48 = -d. Suppose -54*p = -d*p. What is x(p)?
5
Let c(o) = o - 5. Let x be c(-7). Let l = -7 - x. Let s(j) be the first derivative of j**2 + 6*j - 25. What is s(l)?
16
Let j be ((-36)/126 - (-16)/7)/(-2). Let b(r) = 32*r**2 + r. Give b(j).
31
Let x(b) = -13*b + 35*b - 9*b - b - 1. Determine x(1).
11
Let k(x) = 2 - 3*x**3 - 4 + 3*x**2 - x + x**2. Suppose -5*r + 8 = -2*v, 5*r + 28 - 34 = 4*v. Determine k(r).
-12
Let p(r) = 3*r - 14. Let y be p(5). Let v(k) = 2*k**2 - 4*k + 2. Let c be v(y). Let u(q) = -q + q**3 + 3*q - 3*q. Give u(c).
0
Let g = -23 - 87. Let y be (-420)/g - (-4)/22. Let a(n) = -6*n + 4. Calculate a(y).
-20
Let n(f) = 10*f**3 - 18*f**2 + 16*f + 5. Let p(q) = 7*q**3 - 12*q**2 + 11*q + 3. Let z(a) = 5*n(a) - 7*p(a). Give z(5).
-6
Let u(y) = 2*y**2 - 4*y + 15. Let f be u(6). Let g(w) = -f + 2*w - w**3 + 126 - 60 - 3*w**2. Give g(-4).
11
Let l(y) be the first derivative of -y**5/20 - y**4/6 + y**3/6 - 5*y - 6. Let z(i) be the first derivative of l(i). What is z(-3)?
6
Let s(b) = b - 8. Let m(v) = 3*v - 25. Let g(x) = 2*m(x) - 7*s(x). Let a be g(5). Let p(c) = c - 2*c + a - c**2 + 0 + 0. Determine p(2).
-5
Let c(t) be the first derivative of 10/3*t**3 + 0*t**2 + 0*t + 10 - 1/6*t**4 - 1/40*t**5. Let r(n) be the third derivative of c(n). Give r(-4).
8
Let o(v) be the third derivative of -v**5/60 + v**3/2 - v**2. Let y = -108 - -107. Let l be y/2 - 77/44*2. Give o(l).
-13
Let l(r) be the third derivative of -r**4/24 - 4*r**2. Let s(p) = p. Let i(j) = -3*l(j) - 5*s(j). Suppose -5*f = -f + 12. Determine i(f).
6
Let x(m) = -114*m**3 + 113*m**3 + 45 - 9*m + 11*m**2 - 5*m - 31. What is x(10)?
-26
Suppose 26*y = 54*y - 112. Let z(f) be the second derivative of -7*f + 0 + f**2 + 0*f**3 + 1/12*f**y. Calculate z(-2).
6
Let l(f) = -f + 7. Let a be l(5). Suppose -6*r + 8 = -a*r. Let o(h) = 5*h**2 + 4*h - 9. Let t(b) = 6*b**2 + 4*b - 10. Let w(y) = -7*o(y) + 6*t(y). Give w(r).
-1
Suppose 3*l - 5*v = 28, -3*l + 22 = 10*v - 12*v. Let g(s) = -s**2 + 10*s - 8. What is g(l)?
16
Let h(m) = m + 10. Let x be -3 + 0 - 230/5. Let i = x + 39. Determine h(i).
0
Suppose -39 = 2*t + t. Let y = 13 + t. Let m(r) = -5 - r**3 - r + 2*r + 0*r**2 - r**2. What is m(y)?
-5
Let t = -5 + 5. Suppose -2*b + 11 = 5*q, 2*q + 4 = 3*b - 3. Let k(g) = 2*g - b*g + 2*g + g**2 - 14. Determine k(t).
-14
Let d(q) be the second derivative of -1/6*q**3 + 3*q + 5/2*q**2 + 0. Calculate d(-7).
12
Suppose 2*y - 10 = 0, -2*c - 9 = 3*y - 66. Suppose -c = -13*f - 60. Let m(p) = -p**2 - p + 2. Determine m(f).
-4
Let i(w) = -w**2 + w - 1. Let r(q) = -q**2 - 6*q - 2. Let h(p) = -3*i(p) - r(p). Let n(j) = -j**2. Let d(z) = -h(z) - 3*n(z). Give d(-4).
-9
Let r(p) be the first derivative of -2*p**3/3 - 3*p**2/2 + p - 1. Let k(c) = c**2 + 8*c - 306. Let z be k(-22). Give r(z).
-13
Let c be (-4)/(-24) + (-2)/12. Suppose -y + 0 + 4 = c. Let x(f) = 2*f + 3. Determine x(y).
11
Let d be ((-4)/(-6))/(10/45). Let v(l) be the third derivative of 0 + 0*l**d + 0*l - 1/8*l**4 + 4*l**2. Calculate v(4).
-12
Let i(c) = -6*c + 1. Let t(j) = 6*j - j - 9 - 1 + 9. Let u(h) = -6*i(h) - 7*t(h). What is u(3)?
4
Suppose 0 = -2*p + 14 + 4. Suppose -13*d = -p*d + 12. Let i(w) be the third derivative of w**5/60 + w**4/6 + 2*w**3/3 + w**2. Calculate i(d).
1
Let l(f) = -2*f**2 + 2*f - 1. Let n be (((-44)/(-12))/11)/(2/6). Determine l(n).
-1
Let x(v) = 2*v**2 + v - 11. Let d(g) = -g**2 + 6. Let u(l) = 5*d(l) + 3*x(l). Let t(k) = 12*k - 173. Let p be t(14). Calculate u(p).
7
Let g = 82 - 82. Let a(n) be the second derivative of -n**3/6 + 2*n**2 - 23*n. Calculate a(g).
4
Let q(s) = -2 + s**3 + 2 - 4*s**2 - 4*s. Let y(k) = 3*k**3 - 6*k**2 + 4*k - 3. Let h be y(2). Give q(h).
5
Let s(w) = w**2 - 3. Suppose 2*r - 5 - 18 = 3*p, 2*r - 5*p - 33 = 0. Suppose -3*f + r = -4*v, 2*f + 4*v + 4 = -f. Determine s(f).
-3
Let l(s) = -8*s - 9 + 5 + 9*s + 0. Calculate l(-3).
-7
Let b(o) = o**2 - 13*o + 16. Suppose -54*d - 228 = -73*d. Determine b(d).
4
Let y(o) = o**2 - 12*o + 6. Let w be y(14). Let v be (-26)/(-30) - w/(-255). Let k(a) = 10*a**3 - 2*a + 3*a**2 + 3*a - 5*a**2 + 9*a**3. Give k(v).
18
Let j = -473 + 471. Let g(o) = -3*o**2 - o + 2. Calculate g(j).
-8
Let p = -1 + -3. Let o(q) be the second derivative of -q**5/20 - q**4/4 + q**3/3 - q**2 - 4241*q. What is o(p)?
6
Let h(f) = 4*f**2 - 5 - 3*f**2 + 16*f - 23*f + 8*f. What is h(-3)?
1
Let k = 0 - -6. Suppose a + 3 - k = 0. Let y(d) = -4*d - 2*d**2 - 3 - 3*d**2 - d**a + 4. Calculate y(-4).
1
Let j(b) = b**2 + 24*b - 337. Let m be j(10). Let a(f) = 0*f**3 + 2 - 4*f**2 + 0 + f**3 + 3*f. What is a(m)?
2
Let i(u) be the second derivative of 7*u**3/2 - 31*u. Calculate i(-1).
-21
Let h(a) = a - 8. Suppose 5*t - 14 = q, -28 = 5*q - 0*t - 4*t. What is h(q)?
-12
Let v = -19 - -20. Suppose -3*g + 149 = -v. Let c(z) = 50 + z**2 - g. Calculate c(2).
4
Let n(r) = 1. Let g(c) = -16 + 5 + 5*c + 15. Let j(y) = -g(y) + 3*n(y). Give j(-4).
19
Let i be (-1)/4 - (9 - 465/50). Let z(h) be the second derivative of 0 + 3/2*h**3 + i*h**5 + 9/2*h**2 + 7/12*h**4 - 3*h. Calculate z(-6).
-9
Suppose 3*f + 24 = -4*q - 0*q, 3*f = 5*q + 3. Let y(i) = 20*i - 21*i + 3*i + i**3 + 1 + 3*i**2. Give y(q).
-5
Let q(d) = 5 - 26*d**2 + 15*d**2 + 10*d**2 - 4*d - d**3 + 6*d. What is q(-2)?
5
Let o(n) = 6*n + 3 - 623*n**2 - 622*n**2 + 1244*n**2. What is o(-4)?
-37
Suppose -5*q = -11*q + 36. Let z = 0 + 2. Let c(l) = 2*l**2 - 5 + l**2 - 3*l**2 - l**z + 8*l. Calculate c(q).
7
Let d(x) be the third derivative of x**8/6720 - x**7/504 + x**6/180 + x**5/24 + x**4/12 + 8*x**2. Let a(y) be the second derivative of d(y). Give a(4).
5
Suppose -s + 3*m - 1 = -4, -m - 1 = -4*s. Let y(k) = k**2 + k + 25. What is y(s)?
25
Let o = 174 + -177. Let b(s) = s**2 + s. Let a(p) = p**2 + 2*p + 3. Let v(f) = a(f) - 3*b(f). Give v(o).
-12
Let v = -4 - -3. Let x(w) be the second derivative of 4*w + 0 - 1/2*w**2 - 2/3*w**3. What is x(v)?
3
Let x(b) = -5*b**2 + 5*b**2 + 2*b**2 + 2*b**2 + 1. Give x(-1).
5
Let o(b) = -28*b**2 - 28*b + 11. Let u(j) = -13*j**2 - 13*j + 5. Let s(a) = 6*o(a) - 13*u(a). What is s(-5)?
21
Let n be (-2)/(-4 - (-51)/12). Let h be n/6*(-8 - -11). Let s be (-2)/h*24/4. Let f(o) = -2*o**2 + o + 2. Determine f(s).
-13
Let v(y) = 9 - 2*y**2 + 3*y**2 - y**2 + 8*y + y**2. Determine v(-6).
-3
Let r(g) be the first derivative of 7*g**2/2 + 11*g + 14. Let w(p) = -p - 1. Let h(l) = -r(l) - 6*w(l). What is h(0)?
-5
Let q = 73 + -69. Suppose c = q*b - 0*b + 31, 2*c = 3*b + 22. Let j(g) = 2*g + 12. Determine j(b).
-4
Let w(c) = c**3 - 4*c**2 - 5*c - 1. Suppose 0 = 71*y - 72*y + 1. Let b be 7 + 2/(-6)*(y - -5). Calculate w(b).
-1
Let h(r) = -r**3 - r**2 + r + 1. Suppose 0 = -3*u - 5*d, 2*u + d - 22 = 5*d. Suppose 0 = u*x + 3 + 2. Determine h(x).
0
Let i(v) be the first derivative of v**3/3 - 5*v**2/2 - 7*v - 105. What is i(5)?
-7
Let t(n) = 0*n**2 - n**2 + 32 - 48 + 21. What is t(0)?
5
Suppose 0 = -m + 2 - 3. Let g be 6*-10*m/12. Let a(o) = o**3 - 5*o**2 - 2*o - 2. Give a(g).
-12
Suppose 4*r - 88 = -5*p + 1218, 0 = 5*p - 3*r - 1278. Let c(t) = 255*t**2 - 2 + p*t**2 - 512*t**2. Give c(-3).
7
Let f(m) = -9*m - 7. Let r be f(-7). Suppose -v + 5*v = r. Let x(b) = 5*b - 14*b**2 - b**3 + v*b**2 + 2. Calculate x(-3).
14
Suppose -4*d - d + 20 = 0. Suppose 26 - 6 = -d*p. Let r(v) = -2*v + 2. Let j(a) = -6*a + 5. Let c(t) = 4*j(t) - 11*r(t). Calculate c(p).
8
Let u(z) = 7*z**2 - z**3 + 1 + 0 + 9 - z - 18. Determine u(6).
22
Let k = -1127 - -1131. Let u(z) = -2*z**2 + 4*z + 5. Determine u(k).
-11
Suppose -7*i + 3*i + 32 = 0. Let s(n) = 52 - 18 - 20 - 13 + i*n. Suppose -2*b + 9 - 3 = 4*f, -4*f + b + 3 = 0. Calculate s(f).
9
Let r(x) be the first